{"id":29,"date":"2018-02-08T09:57:39","date_gmt":"2018-02-08T09:57:39","guid":{"rendered":"http:\/\/kerstin-barczus.de\/?page_id=29"},"modified":"2025-09-14T06:22:25","modified_gmt":"2025-09-14T06:22:25","slug":"ueber-mich","status":"publish","type":"page","link":"https:\/\/kerstin-barczus.de\/?page_id=29","title":{"rendered":"\u00dcber mich"},"content":{"rendered":"<p><strong><em>Stationen meines Lebens<\/em><\/strong><\/p>\n<p><strong>1981 <\/strong>bin ich in Saalfeld geboren und wuchs mit meinem \u00e4lteren Bruder in Kaulsdorf \/ OT Eichicht sehr unbeschwert auf. Ich ging hier zum Kindergarten (ab und zu) und in die Grundschule. Danach folgte der Gang auf\u2018s Heinrich-B\u00f6ll Gymnasium in Saalfeld, welches ich nach der 10. Klasse verlie\u00df um das Fachabitur in der Fachrichtung Wirtschaft abzulegen.<\/p>\n<p><strong>2006 <\/strong>Abschluss meines Studiums an der FH Jena als <strong>Diplom Betriebswirt<\/strong>. Das Thema meiner Diplomarbeit richtete sich auf die neue Welt der Energiewirtschaft mit \u201eunbundling\u201c und \u201eNetzentgelten\u201c war es der T\u00fcr\u00f6ffner in diesen Bereich, wo ich bis 2018 t\u00e4tig war.<\/p>\n<p><strong>2018<\/strong> Wahl zur <strong>B\u00fcrgermeisterin<\/strong> der Gemeinde Kaulsdorf. Eine gro\u00dfe Herausforderung, die ich sehr gern annahm und bis heute mit Freude aus\u00fcbe.<\/p>\n<p><strong>2019<\/strong> Wahl in den Kreistag des Landkreises Saalfeld-Rudolstadt<\/p>\n<p><strong>2022 <\/strong>Abschluss als <strong>Verwaltungsfachwirt<\/strong> an der Th\u00fcringer Verwaltungsschule Weimar.<br \/>\n&#8211; eine harte Zeit von 3 \u00bd Jahren, berufsbegleitend &#8211;<\/p>\n<p>Privat lebe ich in einer Partnerschaft. Wir haben 2 gemeinsame T\u00f6chter im Alter von 14 und 19 Jahren. Sie sind das Liebste was wir haben und sorgen eifrig daf\u00fcr, dass unser Alltag kurzweilig bleibt.<\/p>\n","protected":false},"excerpt":{"rendered":"<p>Stationen meines Lebens 1981 bin ich in Saalfeld geboren und wuchs mit meinem \u00e4lteren Bruder in Kaulsdorf \/ OT Eichicht sehr unbeschwert auf. Ich ging hier zum Kindergarten (ab und zu) und in die Grundschule. Danach folgte der Gang auf\u2018s Heinrich-B\u00f6ll Gymnasium in Saalfeld, welches ich nach der 10. Klasse [&hellip;]<\/p>\n","protected":false},"author":1,"featured_media":0,"parent":0,"menu_order":0,"comment_status":"closed","ping_status":"closed","template":"","meta":{"footnotes":""},"aioseo_notices":[],"_links":{"self":[{"href":"https:\/\/kerstin-barczus.de\/index.php?rest_route=\/wp\/v2\/pages\/29"}],"collection":[{"href":"https:\/\/kerstin-barczus.de\/index.php?rest_route=\/wp\/v2\/pages"}],"about":[{"href":"https:\/\/kerstin-barczus.de\/index.php?rest_route=\/wp\/v2\/types\/page"}],"author":[{"embeddable":true,"href":"https:\/\/kerstin-barczus.de\/index.php?rest_route=\/wp\/v2\/users\/1"}],"replies":[{"embeddable":true,"href":"https:\/\/kerstin-barczus.de\/index.php?rest_route=%2Fwp%2Fv2%2Fcomments&post=29"}],"version-history":[{"count":9,"href":"https:\/\/kerstin-barczus.de\/index.php?rest_route=\/wp\/v2\/pages\/29\/revisions"}],"predecessor-version":[{"id":186,"href":"https:\/\/kerstin-barczus.de\/index.php?rest_route=\/wp\/v2\/pages\/29\/revisions\/186"}],"wp:attachment":[{"href":"https:\/\/kerstin-barczus.de\/index.php?rest_route=%2Fwp%2Fv2%2Fmedia&parent=29"}],"curies":[{"name":"wp","href":"https:\/\/api.w.org\/{rel}","templated":true}]}}

Über mich

<p><strong><em>Stationen meines Lebens</em></strong></p>
<p><strong>1981 </strong>bin ich in Saalfeld geboren und wuchs mit meinem älteren Bruder in Kaulsdorf / OT Eichicht sehr unbeschwert auf. Ich ging hier zum Kindergarten (ab und zu) und in die Grundschule. Danach folgte der Gang auf‘s Heinrich-Böll Gymnasium in Saalfeld, welches ich nach der 10. Klasse verließ um das Fachabitur in der Fachrichtung Wirtschaft abzulegen.</p>
<p><strong>2006 </strong>Abschluss meines Studiums an der FH Jena als <strong>Diplom Betriebswirt</strong>. Das Thema meiner Diplomarbeit richtete sich auf die neue Welt der Energiewirtschaft mit „unbundling“ und „Netzentgelten“ war es der Türöffner in diesen Bereich, wo ich bis 2018 tätig war.</p>
<p><strong>2018</strong> Wahl zur <strong>Bürgermeisterin</strong> der Gemeinde Kaulsdorf. Eine große Herausforderung, die ich sehr gern annahm und bis heute mit Freude ausübe.</p>
<p><strong>2019</strong> Wahl in den Kreistag des Landkreises Saalfeld-Rudolstadt</p>
<p><strong>2022 </strong>Abschluss als <strong>Verwaltungsfachwirt</strong> an der Thüringer Verwaltungsschule Weimar.<br />
&#8211; eine harte Zeit von 3 ½ Jahren, berufsbegleitend &#8211;</p>
<p>Privat lebe ich in einer Partnerschaft. Wir haben 2 gemeinsame Töchter im Alter von 14 und 19 Jahren. Sie sind das Liebste was wir haben und sorgen eifrig dafür, dass unser Alltag kurzweilig bleibt.</p>

<p>Stationen meines Lebens 1981 bin ich in Saalfeld geboren und wuchs mit meinem älteren Bruder in Kaulsdorf / OT Eichicht sehr unbeschwert auf. Ich ging hier zum Kindergarten (ab und zu) und in die Grundschule. Danach folgte der Gang auf‘s Heinrich-Böll Gymnasium in Saalfeld, welches ich nach der 10. Klasse [&hellip;]</p>
